(z) = -z**3 - 102*z**2 - 1922*z - 2426. What is v(-23)?
-11
Let g(p) = -15*p**2 + 742*p - 49. What is g(50)?
-449
Let z(i) = 4*i**3 - 13*i**2 - 628*i + 1554. Give z(13).
-19
Let i(y) = 910*y**2 + 123759*y - 138. Give i(-136).
-2
Let p(c) = -16114*c + 418930. What is p(26)?
-34
Let c(y) = -y**3 + y**2 - 245*y + 5210. What is c(13)?
-3
Let t(v) = -28*v**2 - 20313*v + 580564. What is t(-753)?
1
Let k(t) = -75*t - 4487. Determine k(-65).
388
Let h(f) = -24389*f + 243888. Calculate h(10).
-2
Let w(v) = v**2 + 16527*v + 181611. Calculate w(-11).
-65
Let j(i) = -2*i**2 - 45*i + 9407. Give j(-80).
207
Let o(q) = -518852*q - 518932. Give o(-1).
-80
Let d(p) = p**3 - 1129*p**2 - 1286*p - 1103852. Calculate d(1131).
4
Let b(c) = c**3 - 75*c**2 - 239*c + 582. Determine b(78).
192
Let w(l) = 6*l**3 - 8*l**2 - 114*l + 49. Give w(-4).
-7
Let m(t) = 2*t**2 - 86*t - 6047. Give m(75).
-1247
Let z(m) = -74793*m - 26252326. Determine z(-351).
17
Let y(d) = d**3 + 285*d**2 + 1044*d - 1772. Calculate y(-5).
8
Let n(f) = -f**3 + 12*f**2 - 18*f + 300. What is n(10)?
320
Let k(i) = 18*i**3 + 15*i**2 + 53*i + 236. What is k(-5)?
-1904
Let m(v) = 16*v**3 + 1375*v**2 - 101*v - 50. Give m(-86).
1240
Let l(i) = -i**3 + 135*i**2 + 877*i - 24815. What is l(140)?
-35
Let z(q) = q**3 + 3*q**2 + 78*q - 677. Calculate z(0).
-677
Let x(h) = -1119*h**2 + 48141*h - 1033. Give x(43).
-1
Let o(m) = 354*m + 10877. What is o(-30)?
257
Let s(f) = -f**2 + 17114*f - 376023. What is s(22)?
1
Let q(r) = -16*r**2 - 1231*r - 1137. Give q(-76).
3
Let h(c) = 8*c**2 + 1281*c + 1012. Calculate h(-158).
-1674
Let u(t) = t**3 - 100*t**2 + 1207*t - 210. Determine u(86).
48
Let h(n) = -2*n**3 - 6*n**2 + 248*n - 80. Give h(11).
-740
Let m(t) = -t**3 + 273*t**2 - 2122*t + 22. Calculate m(8).
6
Let g(d) = 2*d**3 - 345*d**2 - 841*d + 174212. Give g(172).
-24
Let y(g) = -3*g**2 + 675*g - 18523. What is y(32)?
5
Let p(s) = -408*s + 129290. What is p(317)?
-46
Let w(f) = 29768*f + 625129. Determine w(-21).
1
Let l(u) = -3*u**2 + 185*u - 846. Calculate l(55).
254
Let m(s) = -8*s**3 + 4*s**2 - 32*s - 194. What is m(6)?
-1970
Let w(s) = -11349*s**2 + 147537*s - 1. Determine w(13).
-1
Let a(i) = -32*i**2 + 135*i + 752. Give a(-5).
-723
Let m(i) = 27*i**3 - 10*i**2 - 9*i + 21. Determine m(-3).
-771
Let l(c) = 7*c**2 + 111*c - 1105. What is l(7)?
15
Let d(y) = -3*y**3 - 128*y**2 - 426*y + 113. Calculate d(-39).
-4
Let v(w) = -196037*w - 196053. Give v(-1).
-16
Let u(h) = 35*h**2 - 1003*h - 1557. Give u(30).
-147
Let m(u) = u**3 + 62*u**2 - 488*u - 304. What is m(-69)?
41
Let l(c) = -451*c**2 + 6292*c + 260. Calculate l(14).
-48
Let g(j) = 325*j - 6790. Give g(20).
-290
Let a(w) = w**3 + 39*w**2 + 377*w + 416. Determine a(-13).
-91
Let z(r) = -29*r**2 - 2887*r - 9883. Give z(-96).
5
Let p(c) = 18053*c**2 + 90226*c - 10. What is p(-5)?
185
Let p(b) = -2*b**2 - 474*b + 30086. What is p(52)?
30
Let j(r) = -870*r + 29268. Determine j(30).
3168
Let v(s) = 6101*s - 84807. Give v(14).
607
Let z(f) = -3*f**3 - 225*f**2 - 17*f - 1263. Give z(-75).
12
Let h(d) = -713*d + 359981. What is h(505)?
-84
Let l(z) = -131013*z - 655149. Give l(-5).
-84
Let k(o) = o**2 - 14406*o + 5493488. What is k(392)?
0
Let x(w) = 3375*w - 10129. Give x(3).
-4
Let k(o) = -4174*o - 4238. Calculate k(-1).
-64
Let n(c) = -c**3 + 284*c**2 - 4010*c - 359. Give n(15).
16
Let r(u) = -u**3 - 57*u**2 + 44*u + 306. What is r(-2)?
-2
Let p(r) = 15*r**3 + 96*r**2 - 174*r - 914. What is p(-7)?
-137
Let w(y) = 94394*y + 377194. Determine w(-4).
-382
Let r(p) = -p**2 - 173*p - 7309. Give r(-65).
-289
Let s(a) = -276*a**2 + 18405*a - 18406. What is s(1)?
-277
Let l(w) = -198*w**2 - 4526*w + 629. What is l(-23)?
-15
Let r(m) = -m**3 - 9*m**2 + 11*m + 57. What is r(-4)?
-67
Let w(q) = -q**3 - 37*q**2 - 248*q - 159. What is w(-28)?
-271
Let u(x) = -18*x**2 + 120*x - 2. Calculate u(5).
148
Let n(u) = -13*u**3 + 50*u**2 + 217*u - 69. Give n(-4).
695
Let z(h) = 3*h**3 + 76*h**2 + 434*h + 40. Give z(-15).
505
Let z(d) = 1194739*d - 4778914. Calculate z(4).
42
Let n(p) = p**3 + 1834*p - 24. What is n(0)?
-24
Let l(k) = -23*k**2 - 2531*k + 7750. Calculate l(-113).
66
Let x(r) = -16361*r - 3255838. Calculate x(-199).
1
Let p(x) = x**3 + 14*x**2 - 1087*x - 15175. Determine p(-14).
43
Let j(f) = -4839*f + 212869. Give j(44).
-47
Let q(s) = -2*s**2 + 381*s - 1916. Determine q(185).
119
Let r(v) = 3*v**3 - 104*v**2 - 24*v + 30. What is r(35)?
415
Let o(s) = 44912*s - 1661739. Give o(37).
5
Let c(j) = 36*j**2 - 211*j - 413. Determine c(-2).
153
Let q(k) = k**3 - 19*k**2 + 245*k - 6390. Calculate q(24).
2370
Let u(l) = 27*l**2 - 80*l - 30. Calculate u(-5).
1045
Let x(l) = -l**2 + 3329*l - 1528441. Calculate x(550).
9
Let u(c) = -c**2 + 137*c - 2772. What is u(21)?
-336
Let x(y) = y**3 + 34*y**2 - 92*y - 1986. Give x(-7).
-19
Let s(c) = 10*c**2 - 429*c + 1946. What is s(5)?
51
Let x(l) = -l**3 - 25*l**2 - 481*l - 7620. Determine x(-20).
0
Let d(l) = -l**3 + 18*l**2 - 58*l + 17. Calculate d(8).
193
Let x(m) = 61770*m - 61753. Give x(1).
17
Let b(k) = 18*k**3 + 385*k**2 + 156*k + 260. What is b(-21)?
71
Let z(l) = 161*l - 1002. What is z(12)?
930
Let w(r) = -10*r**2 + 3977*r - 365330. What is w(144)?
-2
Let x(j) = 3*j**2 + 3386*j - 27326. Calculate x(8).
-46
Let o(y) = 73589*y + 21782341. What is o(-296)?
-3
Let c(i) = -i**2 - 124*i + 28926. Give c(119).
9
Let v(j) = 315*j**2 + 585*j - 54. Give v(-3).
1026
Let g(v) = -451*v - 8292. Determine g(-19).
277
Let q(x) = 113119*x + 2714858. Determine q(-24).
2
Let s(q) = 2*q**3 + 51*q**2 - 6*q - 72. Calculate s(-13).
4231
Let q(b) = -24*b**2 + 5573*b - 1138. What is q(232)?
22
Let k(a) = 2*a**2 + 107*a + 768. Calculate k(-44).
-68
Let y(x) = x**3 + 459*x**2 - 925*x + 1. What is y(2)?
-5
Let q(i) = -2*i**3 - 312*i**2 - 306*i + 603. Give q(-155).
-17
Let j(p) = -p**3 - 8*p**2 + 77*p + 555. Determine j(-9).
-57
Let j(x) = -10047*x + 80167. What is j(8)?
-209
Let n(r) = -3*r - 252. Determine n(-102).
54
Let a(t) = -9*t**2 - 281*t - 646. Give a(-28).
166
Let j(h) = 15*h**2 + 284*h + 29. Give j(-15).
-856
Let t(d) = -360*d**3 + 217*d - 217. What is t(1)?
-360
Let m(v) = -7*v**2 - 676*v - 46. What is m(0)?
-46
Let r(a) = -a**2 - 1288*a + 19531. What is r(15)?
-14
Let p(v) = -2*v**3 - 98*v**2 - 262*v + 650. Calculate p(-46).
6
Let y(f) = 9378*f + 984694. Calculate y(-105).
4
Let f(u) = 6071*u**2 + 346050*u + 158. Give f(-57).
-13
Let u(a) = 20*a**2 - 20*a + 23. Calculate u(-6).
863
Let p(o) = 3188*o - 427140. Determine p(134).
52
Let t(j) = -55102*j - 440939. Give t(-8).
-123
Let v(s) = 2*s**3 + 33*s**2 - 346*s + 363. Give v(-24).
27
Let w(k) = 18*k**2 + 3201*k - 441. Determine w(-178).
93
Let r(x) = 60*x**2 - 535*x - 6797. Determine r(16).
3
Let t(s) = 5*s**3 + 1137*s**2 - 679*s + 1142. Calculate t(-228).
2
Let v(q) = 145123*q + 290259. Calculate v(-2).
13
Let q(h) = 304*h - 1556. Give q(5).
-36
Let s(t) = -t**3 - 5*t**2 + 160*t - 33. Give s(10).
67
Let h(t) = -8222*t - 181026. What is h(-22)?
-142
Let g(y) = 99575*y + 2489434. Give g(-25).
59
Let s(n) = n**3 + 10*n**2 + 7*n - 63. Give s(-9).
-45
Let d(c) = 2*c**3 + 32*c**2 - 168*c + 5198. Calculate d(-24).
14
Let a(w) = -11*w**3 + 72*w**2 - 329*w + 22. Determine a(9).
-5126
Let v(o) = -2*o**2 + 218*o + 3186. Calculate v(122).
14
Let s(u) = 2*u**3 + 23*u**2 - 432*u + 57. Calculate s(-22).
-603
Let q(c) = 673*c + 2814. Calculate q(-4).
122
Let h(b) = -1974*b - 1934. Determine h(-1).
40
Let i(z) = -z**3 - 10*z**2 - 39*z - 591. Give i(-11).
-41
Let g(m) = -22450*m - 112274. Calculate g(-5).
-24
Let x(t) = t**3 - 854*t**2 + 887*t - 29006. Give x(853).
-4
Let t(r) = 2342*r + 86677. Determine t(-37).
23
Let g(c) = -392*c - 7728. Give g(-19).
-280
Let x(u) = 129*u**2 - 864*u + 3465. Determine x(4).
2073
Let g(i) = 28*i**2 + 433*i - 11. What is g(5)?
2854
Let x(y) = 1894328*y + 15154620. What is x(-8)?
-4
Let u(h) = 12*h**2 + 754*h - 482. What is u(-62)?
-1102
Let w(d) = -d**3 - 94*d**2 - 286*d - 36236. Determine w(-95).
-41
Let p(s) = s**2 - 9655*s + 4133483. Determine p(449).
-11
Let h(z) = 63*z**2 - 1698*z - 625. What is h(27)?
-544
Let j(z) = 979*z - 259497. Determine j(266).
917
Let p(m) = -10*m**3 - 43*m**2 + 989*m - 38. Give p(8).
2
Let d(l) = -l**2 - 1734532*l + 12141763. Determine d(7).
